 - 26. Determine t(-6).
10
Let r(s) = -s**3 - 6*s**2 - 12*s - 44. Give r(-5).
-9
Let x(b) = -36*b**3 - 2*b - 1. What is x(-1)?
37
Let w(a) = -2*a**2 - 319*a - 2402. Give w(-8).
22
Let b(i) = i**3 + 50*i**2 - 106*i - 83. Calculate b(-52).
21
Let m(f) = -f**3 - 138*f**2 - 227*f - 12334. Calculate m(-137).
-4
Let t(v) = -6*v**3 - 61*v**2 - 24*v - 99. Give t(-10).
41
Let s(c) = -541*c - 21. Calculate s(0).
-21
Let k(n) = 3*n**2 - 100*n + 12. What is k(29)?
-365
Let g(n) = n**2 + 189*n + 951. What is g(-184)?
31
Let p(a) = 873*a + 6980. Give p(-8).
-4
Let r(g) = -130*g - 148. Calculate r(-5).
502
Let q(m) = 33*m + 5. Give q(3).
104
Let s(t) = -t**2 + 10*t + 372. Determine s(25).
-3
Let j(s) = s**2 + 56*s + 167. What is j(-53)?
8
Let z(c) = -c**2 + 4852*c - 53248. Determine z(11).
3
Let i(j) = -7*j**3 + 4*j**2 - 52*j - 212. Give i(-4).
508
Let z(f) = -352*f + 1052. Determine z(3).
-4
Let v(g) = g**3 - 40*g**2 + 32*g + 3. What is v(39)?
-270
Let b(c) = -2*c**2 - 46*c - 245. What is b(-10)?
15
Let a(d) = -d**3 - 13*d**2 - 21*d - 13. Calculate a(-9).
-148
Let d(m) = -m**3 - 37*m**2 - 191*m + 590. Calculate d(-30).
20
Let i(k) = -k**3 - 42*k**2 + 55*k + 558. What is i(-43)?
42
Let t(i) = -3*i**2 - 116*i - 154. Calculate t(-41).
-441
Let z(f) = -3*f**2 - 170*f - 5. What is z(-54)?
427
Let z(u) = u**3 - 46*u**2 + 88*u + 30. Determine z(44).
30
Let r(d) = 452*d**3 - 57*d + 58. What is r(1)?
453
Let y(j) = 4*j**3 - 91*j**2 + 61*j + 44. Give y(22).
-66
Let j(p) = -p**2 + 36*p - 28. Determine j(36).
-28
Let h(n) = n**3 - 63*n**2 + 127*n - 300. Calculate h(61).
5
Let a(w) = 72*w + 1508. Calculate a(-21).
-4
Let a(c) = 13*c**2 - 410*c + 226. Determine a(31).
9
Let l(m) = -5*m - 33. Determine l(-35).
142
Let l(f) = -13*f**2 + 162*f - 264. What is l(2)?
8
Let h(c) = -29*c**2 - 175*c - 2. Determine h(-6).
4
Let f(l) = -8*l + 356. Give f(45).
-4
Let i(k) = -3*k**2 + 118*k + 390. Determine i(-3).
9
Let f(c) = 116*c + 4984. What is f(-43)?
-4
Let g(z) = z**3 + 18*z**2 + 3*z - 17. Give g(-17).
221
Let n(j) = -j**3 + 12*j**2 - 1831*j + 23968. Calculate n(13).
-4
Let t(q) = 3*q**2 - 71*q + 241. What is t(20)?
21
Let r(b) = b**3 - 12*b**2 + 87*b - 854. Calculate r(11).
-18
Let s(u) = 14*u**3 - 266*u**2 + 11*u + 24. What is s(19)?
233
Let s(j) = -j**3 + 12*j**2 + 44*j + 23. Calculate s(15).
8
Let i(t) = 47*t + 312. What is i(-8)?
-64
Let v(c) = -122*c - 1158. Give v(-10).
62
Let n(p) = -p**2 + 237*p - 10505. What is n(59)?
-3
Let y(u) = -8*u + 59. Give y(16).
-69
Let t(v) = -3*v**3 + 109*v**2 - 139*v - 72. Give t(35).
-37
Let p(x) = 2*x**2 - 6*x - 22. Give p(0).
-22
Let c(r) = r**2 - 587*r + 6898. Calculate c(12).
-2
Let k(g) = -683*g + 669. Calculate k(1).
-14
Let i(w) = 62*w - 9485. Give i(153).
1
Let p(s) = s**3 - s**2 - 5*s - 3. Determine p(-2).
-5
Let x(r) = 2*r**3 - 108*r**2 + 4*r - 219. Calculate x(54).
-3
Let v(a) = a**3 + 68*a**2 + 137*a + 279. Calculate v(-66).
-51
Let v(f) = -f**2 + 17*f + 189. What is v(22)?
79
Let y(b) = b**2 - 64*b - 6590. What is y(118)?
-218
Let m(d) = 8628*d + 17262. Determine m(-2).
6
Let h(u) = -u**3 - 12*u**2 - 3*u + 181. Give h(-10).
11
Let p(z) = 34*z**2 - 16*z + 31. What is p(4)?
511
Let u(i) = -5*i**3 - 26*i**2 + 13*i + 6. Give u(-4).
-142
Let h(o) = -24*o - 191. What is h(-8)?
1
Let j(i) = -13*i**2 + 6. Give j(-4).
-202
Let a(r) = 2*r**3 + 7*r**2 - 19*r - 12. Calculate a(-6).
-78
Let d(r) = -r**2 - 24*r + 85. Give d(3).
4
Let h(q) = 2*q - 48. What is h(-11)?
-70
Let a(l) = -3*l**2 + 13*l. Determine a(-2).
-38
Let p(b) = -b**2 - 678*b + 20498. Determine p(29).
-5
Let v(t) = 34*t - 240. Give v(10).
100
Let x(t) = -213*t**3 - 2767*t**2 + 34*t + 38. What is x(-13)?
-66
Let f(y) = -5*y**2 + 174*y + 19. Calculate f(35).
-16
Let o(g) = g**2 - 64*g + 1085. What is o(32)?
61
Let b(k) = -9*k**2 - 56*k - 97. Calculate b(-2).
-21
Let t(h) = h**2 - 184*h + 5857. Determine t(41).
-6
Let l(g) = 98*g - 1068. Give l(11).
10
Let s(l) = 16*l**2 + 780*l + 583. Give s(-48).
7
Let u(j) = j**3 + 18*j**2 - 26*j - 7. Determine u(-20).
-287
Let v(t) = 3*t**3 - 11*t**2 - 2*t + 11. What is v(-4)?
-349
Let p(h) = 14*h - 858. Determine p(61).
-4
Let i(u) = 144*u**3 + 856*u**2 - 45*u + 16. What is i(-6)?
-2
Let g(i) = 3*i**2 + 74*i + 40. What is g(-25)?
65
Let p(i) = -112*i - 669. What is p(-6)?
3
Let m(w) = 4*w**3 - 42*w**2 - 18*w - 114. Calculate m(11).
-70
Let c(m) = 100*m + 2451. Calculate c(-19).
551
Let c(z) = z**3 + 145*z**2 + 562*z - 281. Give c(-141).
1
Let d(u) = u**3 - 34*u**2 + 143*u + 6. Determine d(5).
-4
Let s(h) = -10*h + 50. Give s(5).
0
Let r(z) = z**2 + 2497*z + 4999. Calculate r(-2).
9
Let q(b) = -14*b**3 - 92*b**2 + 7*b - 5. Determine q(-7).
240
Let z(q) = -2*q**3 + 5*q**2 + 7*q + 8. Give z(4).
-12
Let d(u) = 1961*u + 5888. Give d(-3).
5
Let c(o) = 2*o**3 - 15*o**2 - 11*o + 34. What is c(8)?
10
Let v(n) = n**2 + 370*n + 19. What is v(0)?
19
Let u(i) = -i**3 - 13*i**2 - 40*i + 15. Calculate u(-5).
15
Let j(p) = -7*p**2 + 230*p - 191. Calculate j(32).
1
Let o(c) = -c**2 - 109*c - 706. What is o(-7)?
8
Let p(b) = b**3 + 32*b**2 - 3*b - 73. Give p(-32).
23
Let p(b) = 279*b + 1408. Give p(-5).
13
Let p(l) = 22*l + 3. Calculate p(2).
47
Let c(q) = 387*q - 6051. What is c(16)?
141
Let k(b) = 18*b + 567. Give k(-31).
9
Let o(c) = 852*c - 896. Calculate o(1).
-44
Let b(l) = -33*l - 479. Determine b(-14).
-17
Let b(q) = 2*q**2 + 465*q + 16447. Give b(-189).
4
Let z(b) = b**3 - 41*b**2 + 394*b - 98. What is z(26)?
6
Let r(g) = -2*g**3 + 148*g**2 + 136*g + 1008. Calculate r(75).
-42
Let r(z) = -42*z - 954. Give r(-19).
-156
Let d(t) = -2230*t + 89193. What is d(40)?
-7
Let g(l) = 2*l**2 - 116*l - 113. Determine g(59).
5
Let b(h) = -h**2 + 22*h - 110. Calculate b(12).
10
Let q(d) = -64*d + 137. Determine q(5).
-183
Let t(l) = l**2 - 80*l - 18287. Give t(181).
-6
Let q(c) = -4682*c - 23404. What is q(-5)?
6
Let i(j) = -853*j + 1750. Determine i(2).
44
Let h(x) = -x**3 + 15*x**2 + 35*x + 307. Determine h(18).
-35
Let q(b) = 7*b**2 + 54*b - 323. Determine q(5).
122
Let m(j) = 15*j**3 + 3*j**2 - 2*j - 7. Calculate m(-1).
-17
Let b(o) = 141*o**2 + 29*o. Give b(-1).
112
Let z(o) = 304*o + 2160. Calculate z(-7).
32
Let c(z) = 15*z**2 + 107*z + 14. Give c(-6).
-88
Let q(z) = -74*z + 6. What is q(1)?
-68
Let k(i) = -i**3 - 21*i**2 - 32*i + 23. Determine k(-19).
-91
Let g(y) = -2*y**2 + 117*y - 763. Calculate g(51).
2
Let f(d) = -d**3 + 14*d**2 - 15*d + 2. What is f(4)?
102
Let w(y) = -70*y**3 - 25*y**2 - 10*y. Calculate w(-2).
480
Let n(h) = -27*h**2 + 169*h + 23. Calculate n(7).
-117
Let i(x) = x**3 + 29*x**2 + 2*x + 35. Determine i(-29).
-23
Let m(k) = 26*k + 1578. Calculate m(-42).
486
Let n(h) = -6*h - 347. What is n(-46)?
-71
Let p(j) = -3*j**3 - 532*j**2 - 1211*j + 2452. What is p(-175)?
2
Let w(r) = -r**3 + 53*r**2 - 37*r - 632. Determine w(52).
148
Let c(z) = -1559*z - 20217. What is c(-13)?
50
Let a(d) = -d**3 - 28*d**2 + 144*d - 74. Give a(-33).
619
Let a(c) = -10*c - 459. What is a(-48)?
21
Let h(u) = -2*u**2 + 145*u - 1895. Calculate h(17).
-8
Let u(v) = -v + 94. Determine u(103).
-9
Let d(n) = 132*n - 6317. Calculate d(48).
19
Let s(q) = 212*q - 3820. Give s(18).
-4
Let n(r) = -22*r**2 - 25*r + 7. Give n(1).
-40
Let v(j) = j**3 - 2*j**2 + j - 4. What is v(4)?
32
Let o(p) = 2*p**3 - 75*p**2 + 176*p - 13. Calculate o(35).
22
Let n(v) = 11*v**2 - 33*v - 139. Calculate n(-5).
301
Let t(m) = 44*m - 170. Give t(5).
50
Let k(d) = -2*d**2 - 48*d - 7. Give k(-5).
183
Let q(m) = m**3 + 11*m**2 + 12*m + 7. Give q(-9).
61
Let x(r) = -2884*r + 20180. What is x(7)?
-8
Let w(z) = 117*z + 17. What is w(1)?
134
Let x(q) = -4*q**2 - 210*q - 2072. Determine x(-13).
-18
Let a(d) = d**3 - 3*d**2 + 5*d - 14. Give a(3).
1
Let n(k) = -226*k - 891. Calculate n(-4).
13
Let q(v) = -7*v**2 - 219*v + 1783. Determine q(-38).
-3
Let b(o) = -o**2 + 32*o - 25. Give b(32).
-25
Let o(g) = 2*g**2 - 18*g - 54. Calculate o(-4).
50
Let q(b) = 11*b - 660. What is q(60)?
0
Let a(t) = 2*t**2 + 133*t + 672. Give a(-61).
1
Let o(w) = -501*w + 2499. Determine o(5).
-6
Let d(b) = -b**3 - 16*b**2 + 54*b - 5. What is d(-19)?
52
Let r(n) = -10*n - 186. Calculate r(-15).
-36
Let t(p) = p**3 + 19*p**2 - 87*p - 14. Give t(4).
6
Let c(r) = 5*r**3 - 3*r**2 - 3*r - 2. Give c(-3).
-155
Let v(p) = -3